{"id":16,"date":"2022-03-23T15:23:07","date_gmt":"2022-03-23T15:23:07","guid":{"rendered":"https:\/\/portafolio.360creative.pe\/?page_id=16"},"modified":"2022-10-06T22:04:42","modified_gmt":"2022-10-06T22:04:42","slug":"portafolio","status":"publish","type":"page","link":"https:\/\/portafolio.360creative.pe\/","title":{"rendered":"portafolio"},"content":{"rendered":"\t\t<div data-elementor-type=\"wp-page\" data-elementor-id=\"16\" class=\"elementor elementor-16\">\n\t\t\t\t\t\t\t\t\t<section class=\"elementor-section elementor-top-section elementor-element elementor-element-002fa8f elementor-section-boxed elementor-section-height-default elementor-section-height-default wpr-particle-no wpr-jarallax-no wpr-parallax-no wpr-sticky-section-no\" data-id=\"002fa8f\" data-element_type=\"section\" data-settings=\"{&quot;_ha_eqh_enable&quot;:false}\">\n\t\t\t\t\t\t<div class=\"elementor-container elementor-column-gap-default\">\n\t\t\t\t\t<div class=\"elementor-column elementor-col-50 elementor-top-column elementor-element elementor-element-337c66f\" data-id=\"337c66f\" data-element_type=\"column\">\n\t\t\t<div class=\"elementor-widget-wrap\">\n\t\t\t\t\t\t\t\t\t<\/div>\n\t\t<\/div>\n\t\t\t\t<div class=\"elementor-column elementor-col-50 elementor-top-column elementor-element elementor-element-9776e9e\" data-id=\"9776e9e\" data-element_type=\"column\">\n\t\t\t<div class=\"elementor-widget-wrap\">\n\t\t\t\t\t\t\t\t\t<\/div>\n\t\t<\/div>\n\t\t\t\t\t\t\t<\/div>\n\t\t<\/section>\n\t\t\t\t<section class=\"elementor-section elementor-top-section elementor-element elementor-element-49d947e elementor-section-full_width elementor-section-height-full elementor-section-items-top elementor-section-height-default wpr-particle-no wpr-jarallax-no wpr-parallax-no wpr-sticky-section-no\" data-id=\"49d947e\" data-element_type=\"section\" data-settings=\"{&quot;background_background&quot;:&quot;classic&quot;,&quot;_ha_eqh_enable&quot;:false}\">\n\t\t\t\t\t\t<div class=\"elementor-container elementor-column-gap-default\">\n\t\t\t\t\t<div class=\"elementor-column elementor-col-100 elementor-top-column elementor-element elementor-element-4342965\" data-id=\"4342965\" data-element_type=\"column\">\n\t\t\t<div class=\"elementor-widget-wrap elementor-element-populated\">\n\t\t\t\t\t\t\t\t<div class=\"elementor-element elementor-element-6e82605 e-transform elementor-hidden-mobile elementor-invisible elementor-widget elementor-widget-shortcode\" data-id=\"6e82605\" data-element_type=\"widget\" data-settings=\"{&quot;_transform_scale_effect&quot;:{&quot;unit&quot;:&quot;px&quot;,&quot;size&quot;:1,&quot;sizes&quot;:[]},&quot;_animation&quot;:&quot;fadeIn&quot;,&quot;_transform_scale_effect_tablet&quot;:{&quot;unit&quot;:&quot;px&quot;,&quot;size&quot;:&quot;&quot;,&quot;sizes&quot;:[]},&quot;_transform_scale_effect_mobile&quot;:{&quot;unit&quot;:&quot;px&quot;,&quot;size&quot;:&quot;&quot;,&quot;sizes&quot;:[]}}\" data-widget_type=\"shortcode.default\">\n\t\t\t\t<div class=\"elementor-widget-container\">\n\t\t\t\t\t<div class=\"elementor-shortcode\">\r\n\r\n    <section>\r\n    <link href=\"https:\/\/cdn.jsdelivr.net\/npm\/bootstrap@5.1.3\/dist\/css\/bootstrap.min.css\" rel=\"stylesheet\"\r\n    integrity=\"sha384-1BmE4kWBq78iYhFldvKuhfTAU6auU8tT94WrHftjDbrCEXSU1oBoqyl2QvZ6jIW3\" crossorigin=\"anonymous\">\r\n<link rel=\"stylesheet\" href=\"style.css\">\r\n<link rel=\"stylesheet\" href=\"https:\/\/cdnjs.cloudflare.com\/ajax\/libs\/font-awesome\/6.1.1\/css\/all.min.css\" integrity=\"sha512-KfkfwYDsLkIlwQp6LFnl8zNdLGxu9YAA1QvwINks4PhcElQSvqcyVLLD9aMhXd13uQjoXtEKNosOWaZqXgel0g==\" crossorigin=\"anonymous\" referrerpolicy=\"no-referrer\" \/>\r\n    <style>\r\n    *{\r\n        transition:1s ease-in-out;\r\n      \r\n    \r\n    }\r\n    .slide{\r\n        width: 100vw;\r\n        height: 100vh;\r\n        bottom: 0;\r\n        left: 0;\r\n        right: 0;\r\n        top: 0;\r\n        object-fit: cover;\r\n        filter:brightness(0.3);\r\n        overflow: hidden;\r\n    \r\n    }\r\n    \r\n    \/* .centered {\r\n        position: absolute;\r\n        top: 50%;\r\n        left: 50%;\r\n        transform: translate(-50%, -50%);\r\n      } *\/\r\n    \r\n    .text-slide h2{\r\n        font-size: 2.4vw;\r\n        cursor: pointer;\r\n        font-family: -apple-system, BlinkMacSystemFont, \"Segoe UI\", Roboto, Oxygen, Ubuntu, Cantarell, \"Open Sans\", \"Helvetica Neue\", sans-serif;\r\n        font-weight: 300;\r\n    }\r\n    .text-slide a{\r\n        font-family: -apple-system, BlinkMacSystemFont, \"Segoe UI\", Roboto, Oxygen, Ubuntu, Cantarell, \"Open Sans\", \"Helvetica Neue\", sans-serif;\r\n        font-weight: 300;\r\n    }\r\n    .slide-active{\r\n        transition: none !important;\r\n        color: #FCE122 !important;\r\n    }\r\n    .slide-active a{\r\n        transition: none !important;\r\n    \r\n        color: #FCE122 !important;\r\n    \r\n    }\r\n    .slider-effect{\r\n        filter:brightness(0.1);\r\n        transition: transform 250ms;\r\n        \/* transition:1s ease-in-out; *\/\r\n        transform: translateX(1%) translateY(0%) scale(1.05);\r\n        object-fit: cover;\r\n        overflow: hidden;\r\n        \r\n    }\r\n    .contenedor{\r\n        overflow:hidden;\r\n    }\r\n    \r\n    #slide2 {\r\n        padding-top: 1%;\r\n    }\r\n    \r\n    <\/style>\r\n    <section class=\"contenedor\">\r\n        <div class=\"transition-wrapper\">\r\n<img decoding=\"async\" id=\"slider\" class=\"slide \" src=\"https:\/\/portafolio.360creative.pe\/wp-content\/uploads\/2022\/04\/Mesa-de-trabajo-1-1-2.png\" alt=\"\" srcset=\"\"><\/div>\r\n<div class=\"position-absolute top-50 start-50 translate-middle  d-flex text-slide\">\r\n<h2 id=\"slide1\" class=\"text-white text-center px-5 slides\" onmouseover=\"c1()\" onmouseout=\"c2()\">  <a class=\"text-decoration-none text-white\" href=\"https:\/\/portafolio.360creative.pe\/index.php\/community-manager\/\"> Community  Manager<\/a> <\/h2> <img decoding=\"async\" width=\"20\" src=\"https:\/\/portafolio.360creative.pe\/wp-content\/uploads\/2022\/03\/linea-1.png\" alt=\"\">\r\n    <h2 id=\"slide2\" class=\"text-white text-center px-5 slides\" onmouseover=\"c3()\" onmouseout=\"c4()\"> <a class=\"text-decoration-none text-white\" href=\"https:\/\/portafolio.360creative.pe\/index.php\/logofolio\/\">Logofolio<\/a> <\/h2><img decoding=\"async\" width=\"20\" src=\"https:\/\/portafolio.360creative.pe\/wp-content\/uploads\/2022\/03\/linea-1.png\" alt=\"\">\r\n    <h2 id=\"slide3\" class=\"text-white text-center px-5 slides\" onmouseover=\"c5()\" onmouseout=\"c6()\"> <a class=\"text-decoration-none text-white\" href=\"https:\/\/portafolio.360creative.pe\/index.php\/desarrollo-web\/\">Desarrollo Web<\/a><\/h2><img decoding=\"async\" width=\"20\" src=\"https:\/\/portafolio.360creative.pe\/wp-content\/uploads\/2022\/03\/linea-1.png\" alt=\"\">\r\n    <h2 id=\"slide4\" class=\"text-white text-center px-5 slides\" onmouseover=\"c7()\" onmouseout=\"c8()\"> <a class=\"text-decoration-none text-white\" href=\"https:\/\/portafolio.360creative.pe\/index.php\/produccion-audiovisual\/\"> Producci\u00f3n audiovisual<\/a><\/h2><img decoding=\"async\" width=\"20\" src=\"https:\/\/portafolio.360creative.pe\/wp-content\/uploads\/2022\/03\/linea-1.png\" alt=\"\">\r\n    <h2 id=\"slide5\" class=\"text-white text-center px-5 slides\" onmouseover=\"c9()\" onmouseout=\"c10()\"> <a class=\"text-decoration-none text-white\" href=\"https:\/\/portafolio.360creative.pe\/index.php\/campanas-digitales\/\"> Campa\u00f1as digitales<\/a><\/h2>\r\n<\/div>\r\n<\/section>\r\n    \r\n        <!-- Option 1: Bootstrap Bundle with Popper -->\r\n        <script src=\"https:\/\/cdn.jsdelivr.net\/npm\/bootstrap@5.1.3\/dist\/js\/bootstrap.bundle.min.js\"\r\n            integrity=\"sha384-ka7Sk0Gln4gmtz2MlQnikT1wXgYsOg+OMhuP+IlRH9sENBO0LRn5q+8nbTov4+1p\"\r\n            crossorigin=\"anonymous\"><\/script>\r\n        <script src=\"\/scripts.js\"><\/script>\r\n        <!-- Option 2: Separate Popper and Bootstrap JS -->\r\n        <!--\r\n        <script src=\"https:\/\/cdn.jsdelivr.net\/npm\/@popperjs\/core@2.10.2\/dist\/umd\/popper.min.js\" integrity=\"sha384-7+zCNj\/IqJ95wo16oMtfsKbZ9ccEh31eOz1HGyDuCQ6wgnyJNSYdrPa03rtR1zdB\" crossorigin=\"anonymous\"><\/script>\r\n        <script src=\"https:\/\/cdn.jsdelivr.net\/npm\/bootstrap@5.1.3\/dist\/js\/bootstrap.min.js\" integrity=\"sha384-QJHtvGhmr9XOIpI6YVutG+2QOK9T+ZnN4kzFN1RtK3zEFEIsxhlmWl5\/YESvpZ13\" crossorigin=\"anonymous\"><\/script>\r\n        -->\r\n    <script>\r\n\r\n\r\n    function c1() {\r\n        document.getElementById(\"slider\").src = \"https:\/\/portafolio.360creative.pe\/wp-content\/uploads\/2022\/03\/CM-Home.png\";\r\n        document.getElementById(\"slide1\").setAttribute(\"class\", \"text-white text-center px-5 slides slide-active\")\r\n        document.getElementById(\"slider\").setAttribute(\"class\", \"slide slider-effect\")\r\n    \r\n    }\r\n    \r\n    function c2() {\r\n        document.getElementById(\"slider\").src = \"https:\/\/portafolio.360creative.pe\/wp-content\/uploads\/2022\/04\/Mesa-de-trabajo-1-1-2.png\";\r\n        document.getElementById(\"slide1\").setAttribute(\"class\", \"text-white text-center px-5 slides\")\r\n        document.getElementById(\"slider\").setAttribute(\"class\", \"slide \")\r\n    \r\n    }\r\n    \r\n    function c3() {\r\n        document.getElementById(\"slider\").src = \"https:\/\/portafolio.360creative.pe\/wp-content\/uploads\/2022\/03\/Recurso-7.png\";\r\n        document.getElementById(\"slide2\").setAttribute(\"class\", \"text-white text-center px-5 slides slide-active\")\r\n        document.getElementById(\"slider\").setAttribute(\"class\", \"slide slider-effect\")\r\n    \r\n    }\r\n    \r\n    function c4() {\r\n        document.getElementById(\"slider\").src = \"https:\/\/portafolio.360creative.pe\/wp-content\/uploads\/2022\/04\/Mesa-de-trabajo-1-1-2.png\";\r\n        document.getElementById(\"slide2\").setAttribute(\"class\", \"text-white text-center px-5 slides\")\r\n        document.getElementById(\"slider\").setAttribute(\"class\", \"slide \")\r\n    \r\n    }\r\n    function c5() {\r\n        document.getElementById(\"slider\").src = \"https:\/\/portafolio.360creative.pe\/wp-content\/uploads\/2022\/03\/Recurso-5.png\";\r\n        document.getElementById(\"slide3\").setAttribute(\"class\", \"text-white text-center px-5 slides slide-active\")\r\n        document.getElementById(\"slider\").setAttribute(\"class\", \"slide slider-effect\")\r\n    \r\n    }\r\n    \r\n    function c6() {\r\n        document.getElementById(\"slider\").src = \"https:\/\/portafolio.360creative.pe\/wp-content\/uploads\/2022\/04\/Mesa-de-trabajo-1-1-2.png\";\r\n        document.getElementById(\"slide3\").setAttribute(\"class\", \"text-white text-center px-5 slides\")\r\n        document.getElementById(\"slider\").setAttribute(\"class\", \"slide \")\r\n    \r\n    }\r\n    \r\n    function c7() {\r\n        document.getElementById(\"slider\").src = \"https:\/\/portafolio.360creative.pe\/wp-content\/uploads\/2022\/03\/Recurso-3.png\";\r\n        document.getElementById(\"slide4\").setAttribute(\"class\", \"text-white text-center px-5 slides slide-active\")\r\n        document.getElementById(\"slider\").setAttribute(\"class\", \"slide slider-effect\")\r\n    \r\n    }\r\n    \r\n    function c8() {\r\n        document.getElementById(\"slider\").src = \"https:\/\/portafolio.360creative.pe\/wp-content\/uploads\/2022\/04\/Mesa-de-trabajo-1-1-2.png\";\r\n        document.getElementById(\"slide4\").setAttribute(\"class\", \"text-white text-center px-5 slides\")\r\n        document.getElementById(\"slider\").setAttribute(\"class\", \"slide \")\r\n    \r\n    }\r\n    \r\n    \r\n    function c9() {\r\n        document.getElementById(\"slider\").src = \"https:\/\/portafolio.360creative.pe\/wp-content\/uploads\/2022\/03\/Campana-digital-home-1.png\";\r\n        document.getElementById(\"slide5\").setAttribute(\"class\", \"text-white text-center px-5 slides slide-active\")\r\n        document.getElementById(\"slider\").setAttribute(\"class\", \"slide slider-effect\")\r\n    \r\n    }\r\n    \r\n    function c10() {\r\n        document.getElementById(\"slider\").src = \"https:\/\/portafolio.360creative.pe\/wp-content\/uploads\/2022\/04\/Mesa-de-trabajo-1-1-2.png\";\r\n        document.getElementById(\"slide5\").setAttribute(\"class\", \"text-white text-center px-5 slides\")\r\n        document.getElementById(\"slider\").setAttribute(\"class\", \"slide \")\r\n    \r\n    }\r\n    \r\n    <\/script>\r\n    <\/section>\r\n    \r\n \r\n    <\/div>\n\t\t\t\t<\/div>\n\t\t\t\t<\/div>\n\t\t\t\t\t<\/div>\n\t\t<\/div>\n\t\t\t\t\t\t\t<\/div>\n\t\t<\/section>\n\t\t\t\t<section class=\"elementor-section elementor-top-section elementor-element elementor-element-8f415ad elementor-section-full_width elementor-section-height-full elementor-hidden-desktop elementor-section-height-default elementor-section-items-middle wpr-particle-no wpr-jarallax-no wpr-parallax-no wpr-sticky-section-no\" data-id=\"8f415ad\" data-element_type=\"section\" data-settings=\"{&quot;_ha_eqh_enable&quot;:false}\">\n\t\t\t\t\t\t<div class=\"elementor-container elementor-column-gap-default\">\n\t\t\t\t\t<div class=\"elementor-column elementor-col-100 elementor-top-column elementor-element elementor-element-0da6818\" data-id=\"0da6818\" data-element_type=\"column\">\n\t\t\t<div class=\"elementor-widget-wrap elementor-element-populated\">\n\t\t\t\t\t\t\t\t<div class=\"elementor-element elementor-element-589b104 elementor-absolute elementor-hidden-desktop elementor-hidden-tablet elementor-widget elementor-widget-ekit-nav-menu\" data-id=\"589b104\" data-element_type=\"widget\" data-settings=\"{&quot;_position&quot;:&quot;absolute&quot;}\" data-widget_type=\"ekit-nav-menu.default\">\n\t\t\t\t<div class=\"elementor-widget-container\">\n\t\t\t<div class=\"ekit-wid-con ekit_menu_responsive_mobile\" data-hamburger-icon=\"\" data-hamburger-icon-type=\"icon\" data-responsive-breakpoint=\"767\">            <button class=\"elementskit-menu-hamburger elementskit-menu-toggler\">\n                                    <span class=\"elementskit-menu-hamburger-icon\"><\/span><span class=\"elementskit-menu-hamburger-icon\"><\/span><span class=\"elementskit-menu-hamburger-icon\"><\/span>\n                            <\/button>\n            <div id=\"ekit-megamenu-main-menu\" class=\"elementskit-menu-container elementskit-menu-offcanvas-elements elementskit-navbar-nav-default elementskit_line_arrow ekit-nav-menu-one-page-no ekit-nav-dropdown-hover\"><ul id=\"menu-main-menu\" class=\"elementskit-navbar-nav elementskit-menu-po-left submenu-click-on-icon\"><li id=\"menu-item-293\" class=\"menu-item menu-item-type-post_type menu-item-object-page menu-item-293 nav-item elementskit-mobile-builder-content\" data-vertical-menu=750px><a href=\"https:\/\/portafolio.360creative.pe\/index.php\/community-manager\/\" class=\"ekit-menu-nav-link\">Community Manager<\/a><\/li>\n<li id=\"menu-item-291\" class=\"menu-item menu-item-type-post_type menu-item-object-page menu-item-291 nav-item elementskit-mobile-builder-content\" data-vertical-menu=750px><a href=\"https:\/\/portafolio.360creative.pe\/index.php\/logofolio\/\" class=\"ekit-menu-nav-link\">Logofolio<\/a><\/li>\n<li id=\"menu-item-292\" class=\"menu-item menu-item-type-post_type menu-item-object-page menu-item-292 nav-item elementskit-mobile-builder-content\" data-vertical-menu=750px><a href=\"https:\/\/portafolio.360creative.pe\/index.php\/desarrollo-web\/\" class=\"ekit-menu-nav-link\">Desarrollo web<\/a><\/li>\n<li id=\"menu-item-290\" class=\"menu-item menu-item-type-post_type menu-item-object-page menu-item-290 nav-item elementskit-mobile-builder-content\" data-vertical-menu=750px><a href=\"https:\/\/portafolio.360creative.pe\/index.php\/produccion-audiovisual\/\" class=\"ekit-menu-nav-link\">Producci\u00f3n audiovisual<\/a><\/li>\n<li id=\"menu-item-289\" class=\"menu-item menu-item-type-post_type menu-item-object-page menu-item-289 nav-item elementskit-mobile-builder-content\" data-vertical-menu=750px><a href=\"https:\/\/portafolio.360creative.pe\/index.php\/campanas-digitales\/\" class=\"ekit-menu-nav-link\">Campa\u00f1as digitales<\/a><\/li>\n<\/ul>\n\t\t\t\t<div class=\"elementskit-nav-identity-panel\">\n\t\t\t\t\t<div class=\"elementskit-site-title\">\n\t\t\t\t\t\t<a class=\"elementskit-nav-logo\" href=\"https:\/\/portafolio.360creative.pe\" target=\"_self\" rel=\"\">\n                            <img decoding=\"async\" src=\"\" title=\"\" alt=\"\" \/>\n\t\t\t\t\t\t<\/a> \n\t\t\t\t\t<\/div>\n\t\t\t\t\t<button class=\"elementskit-menu-close elementskit-menu-toggler\" type=\"button\">X<\/button>\n\t\t\t\t<\/div>\n\t\t\t<\/div><div class=\"elementskit-menu-overlay elementskit-menu-offcanvas-elements elementskit-menu-toggler ekit-nav-menu--overlay\"><\/div><\/div>\t\t<\/div>\n\t\t\t\t<\/div>\n\t\t\t\t<div class=\"elementor-element elementor-element-bf7ca79 elementor-hidden-desktop elementor-widget elementor-widget-eael-image-accordion\" data-id=\"bf7ca79\" data-element_type=\"widget\" data-widget_type=\"eael-image-accordion.default\">\n\t\t\t\t<div class=\"elementor-widget-container\">\n\t\t\t    <div class=\"eael-img-accordion accordion-direction-horizontal eael-img-accordion-horizontal-align-center eael-img-accordion-vertical-align-center\" id=\"eael-img-accordion-bf7ca79\" data-img-accordion-id=\"bf7ca79\" data-img-accordion-type=\"on-hover\">\n                    \n            <a href=\"https:\/\/portafolio.360creative.pe\/index.php\/community-manager\/\" class=\"eael-image-accordion-hover overlay-active\" style=\"background-image: url(https:\/\/portafolio.360creative.pe\/wp-content\/uploads\/2022\/03\/Recurso-8.png); flex: 3 1 0%;\"  tabindex=\"0\">\n            <div class=\"overlay\">\n                <div class=\"overlay-inner\">\n                    <div class=\"overlay-inner  overlay-inner-show\">\n                        <h2 class=\"img-accordion-title\">Community Manager<\/h2>                        <p><\/p>\n                    <\/div>\n                <\/div>\n            <\/div>\n            <\/a>\n                    \n            <a href=\"https:\/\/portafolio.360creative.pe\/index.php\/logofolio\/\" class=\"eael-image-accordion-hover overlay-active\" style=\"background-image: url(https:\/\/portafolio.360creative.pe\/wp-content\/uploads\/2022\/03\/Recurso-7.png); flex: 3 1 0%;\"  tabindex=\"1\">\n            <div class=\"overlay\">\n                <div class=\"overlay-inner\">\n                    <div class=\"overlay-inner  overlay-inner-show\">\n                        <h2 class=\"img-accordion-title\">Logofolio<\/h2>                        <p><\/p>\n                    <\/div>\n                <\/div>\n            <\/div>\n            <\/a>\n                    \n            <a href=\"https:\/\/portafolio.360creative.pe\/index.php\/desarrollo-web\/\" class=\"eael-image-accordion-hover overlay-active\" style=\"background-image: url(https:\/\/portafolio.360creative.pe\/wp-content\/uploads\/2022\/03\/Recurso-5.png); flex: 3 1 0%;\"  tabindex=\"2\">\n            <div class=\"overlay\">\n                <div class=\"overlay-inner\">\n                    <div class=\"overlay-inner  overlay-inner-show\">\n                        <h2 class=\"img-accordion-title\">Desarrollo Web<\/h2>                        <p><\/p>\n                    <\/div>\n                <\/div>\n            <\/div>\n            <\/a>\n                    \n            <a href=\"https:\/\/portafolio.360creative.pe\/index.php\/produccion-audiovisual\/\" class=\"eael-image-accordion-hover overlay-active\" style=\"background-image: url(https:\/\/portafolio.360creative.pe\/wp-content\/uploads\/2022\/03\/Recurso-3.png); flex: 3 1 0%;\"  tabindex=\"3\">\n            <div class=\"overlay\">\n                <div class=\"overlay-inner\">\n                    <div class=\"overlay-inner  overlay-inner-show\">\n                        <h2 class=\"img-accordion-title\">Producci\u00f3n Audiovisual<\/h2>                        <p><\/p>\n                    <\/div>\n                <\/div>\n            <\/div>\n            <\/a>\n                    \n            <a href=\"https:\/\/portafolio.360creative.pe\/index.php\/campanas-digitales\/\" class=\"eael-image-accordion-hover overlay-active\" style=\"background-image: url(https:\/\/portafolio.360creative.pe\/wp-content\/uploads\/2022\/03\/Recurso-1.png); flex: 3 1 0%;\"  tabindex=\"4\">\n            <div class=\"overlay\">\n                <div class=\"overlay-inner\">\n                    <div class=\"overlay-inner  overlay-inner-show\">\n                        <h2 class=\"img-accordion-title\">Campa\u00f1as Digitales<\/h2>                        <p><\/p>\n                    <\/div>\n                <\/div>\n            <\/div>\n            <\/a>\n                <\/div>\n        <style typr=\"text\/css\">\n                    #eael-img-accordion-bf7ca79 .eael-image-accordion-hover:hover {\n                        flex: 3 1 0% !important;\n                    }\n                    #eael-img-accordion-bf7ca79 .eael-image-accordion-hover:hover:hover .overlay-inner * {\n                        opacity: 1;\n                        visibility: visible;\n                        transform: none;\n                        transition: all .3s .3s;\n                    }\n                <\/style>\t\t<\/div>\n\t\t\t\t<\/div>\n\t\t\t\t\t<\/div>\n\t\t<\/div>\n\t\t\t\t\t\t\t<\/div>\n\t\t<\/section>\n\t\t\t\t\t\t\t<\/div>\n\t\t","protected":false},"excerpt":{"rendered":"<p>Community Manager Logofolio Desarrollo web Producci\u00f3n audiovisual Campa\u00f1as digitales X Community Manager Logofolio Desarrollo Web Producci\u00f3n Audiovisual Campa\u00f1as Digitales<\/p>\n","protected":false},"author":2,"featured_media":0,"parent":0,"menu_order":0,"comment_status":"closed","ping_status":"closed","template":"elementor_canvas","meta":{"footnotes":""},"class_list":["post-16","page","type-page","status-publish","hentry"],"_links":{"self":[{"href":"https:\/\/portafolio.360creative.pe\/index.php\/wp-json\/wp\/v2\/pages\/16","targetHints":{"allow":["GET"]}}],"collection":[{"href":"https:\/\/portafolio.360creative.pe\/index.php\/wp-json\/wp\/v2\/pages"}],"about":[{"href":"https:\/\/portafolio.360creative.pe\/index.php\/wp-json\/wp\/v2\/types\/page"}],"author":[{"embeddable":true,"href":"https:\/\/portafolio.360creative.pe\/index.php\/wp-json\/wp\/v2\/users\/2"}],"replies":[{"embeddable":true,"href":"https:\/\/portafolio.360creative.pe\/index.php\/wp-json\/wp\/v2\/comments?post=16"}],"version-history":[{"count":226,"href":"https:\/\/portafolio.360creative.pe\/index.php\/wp-json\/wp\/v2\/pages\/16\/revisions"}],"predecessor-version":[{"id":1747,"href":"https:\/\/portafolio.360creative.pe\/index.php\/wp-json\/wp\/v2\/pages\/16\/revisions\/1747"}],"wp:attachment":[{"href":"https:\/\/portafolio.360creative.pe\/index.php\/wp-json\/wp\/v2\/media?parent=16"}],"curies":[{"name":"wp","href":"https:\/\/api.w.org\/{rel}","templated":true}]}}